 -201?
-1011120002
In base 3, what is 120111120 + 0?
120111120
In base 10, what is -26 + -3423?
-3449
In base 15, what is 17413 - -2?
17415
In base 8, what is -21 + -5744?
-5765
In base 14, what is 121 - -3a8?
4c9
In base 11, what is -2 - 7854?
-7856
In base 4, what is 1100232 - -11?
1100303
In base 2, what is 1010 + -100110011000?
-100110001110
In base 3, what is 102 + -111?
-2
In base 4, what is 313 - -131213?
132132
In base 15, what is 240 - b9?
176
In base 3, what is -1022002020211 + 12?
-1022002020122
In base 5, what is 24344421 + -10?
24344411
In base 9, what is -831 - 78?
-1020
In base 10, what is -207 + -52?
-259
In base 7, what is -155 + 32525?
32340
In base 11, what is -2 + -1508?
-150a
In base 5, what is 233413 - 0?
233413
In base 7, what is 2 - 61332?
-61330
In base 8, what is 15250 - -2?
15252
In base 15, what is 39889 - 5?
39884
In base 16, what is 74a + 5?
74f
In base 10, what is 68536 - 8?
68528
In base 9, what is 4 - 3257?
-3253
In base 14, what is 22 - 104bc?
-1049a
In base 13, what is 12 - -7232?
7244
In base 8, what is 23 + -1171726?
-1171703
In base 10, what is 99 - 9990?
-9891
In base 15, what is -b + 3812?
3806
In base 7, what is 12 - 25044?
-25032
In base 2, what is -110110 + 11110001101?
11101010111
In base 15, what is -65e1d + 4?
-65e19
In base 6, what is -15022103 + -1?
-15022104
In base 15, what is -12ea - 24?
-131e
In base 7, what is 20121 - 54?
20034
In base 14, what is -47 + -319?
-362
In base 11, what is 59 + 88?
136
In base 13, what is -5 - 4004?
-4009
In base 4, what is -11 + -1200021?
-1200032
In base 13, what is -3 - 103c6?
-103c9
In base 6, what is 0 + -21221?
-21221
In base 14, what is 5c64 + 4?
5c68
In base 2, what is -100101011100001110001 + 10?
-100101011100001101111
In base 12, what is -12478 - -1?
-12477
In base 11, what is 3 + -42304?
-42301
In base 12, what is 0 + 10486?
10486
In base 5, what is -12 + 110134204?
110134142
In base 14, what is 1dbd02 - 5?
1dbcdb
In base 11, what is -1 - a062?
-a063
In base 16, what is 3c698 - 3?
3c695
In base 4, what is 13013202 + -2103?
13011033
In base 16, what is -5 + -7bc?
-7c1
In base 14, what is 0 - -568d?
568d
In base 16, what is -7 + 6b20?
6b19
In base 14, what is -2 - -9c89?
9c87
In base 6, what is 34554525 + -13?
34554512
In base 5, what is 21 - 113120113?
-113120042
In base 3, what is 12 + -10012002002?
-10012001220
In base 8, what is -15415 - -37?
-15356
In base 16, what is 50 - -19cf?
1a1f
In base 11, what is -81 + -30273?
-30344
In base 14, what is -50b5 - -4?
-50b1
In base 4, what is -200213 - 203?
-201022
In base 3, what is 0 + 222202220?
222202220
In base 9, what is 16347 + 70?
16427
In base 6, what is 150 + -1133?
-543
In base 7, what is -4042326 - 1?
-4042330
In base 7, what is -526525 + 1?
-526524
In base 2, what is 100011111101 - -1011001?
100101010110
In base 11, what is 2 + 4173a7?
4173a9
In base 10, what is 31 + 20137?
20168
In base 14, what is 8 - 5550?
-5546
In base 8, what is -3 - 102421?
-102424
In base 8, what is -201 + 10700?
10477
In base 12, what is 18 + -5068?
-5050
In base 10, what is -1 + 36228?
36227
In base 6, what is 3505 + -5450?
-1541
In base 3, what is 10220210 - -20220?
11011200
In base 16, what is -2 - -3d11?
3d0f
In base 2, what is -111 - -1000010100?
1000001101
In base 8, what is -101301 + 3?
-101276
In base 7, what is -22 - 2564455?
-2564510
In base 15, what is -540d - 10e?
-551c
In base 14, what is -513ac + 2?
-513aa
In base 16, what is -1 - -1219f?
1219e
In base 11, what is 3 + 6616?
6619
In base 3, what is -100 + 101011000?
101010200
In base 11, what is -3876 + -15?
-3890
In base 3, what is -2201002201211 + 1?
-2201002201210
In base 10, what is 10 - 220802?
-220792
In base 9, what is 1320 + -4?
1315
In base 14, what is -5d - 1676?
-16d5
In base 2, what is 11011111010000 - -1000?
11011111011000
In base 4, what is 110201303 + -13?
110201230
In base 9, what is -181 + 2564?
2373
In base 11, what is -1031 - -1?
-1030
In base 8, what is 34 + -3321?
-3265
In base 7, what is -5005523 + 11?
-5005512
In base 5, what is -1224 - 233?
-2012
In base 15, what is 3c400 - -6?
3c406
In base 14, what is 2 + ba7?
ba9
In base 12, what is -287 + 132?
-155
In base 3, what is -212 - 20200111?
-20201100
In base 11, what is -33 + 11a8?
1175
In base 8, what is 17032673 - -5?
17032700
In base 16, what is -345 - 41?
-386
In base 16, what is -3 + f05?
f02
In base 11, what is 585a + 57?
5906
In base 4, what is -33 + -123300233?
-123300332
In base 10, what is 53 - 12214?
-12161
In base 14, what is -4 - 57a76?
-57a7a
In base 16, what is cb88 - -1?
cb89
In base 10, what is -3612 - 10?
-3622
In base 11, what is -2 + -553?
-555
In base 3, what is -12100 + -12210220?
-20000020
In base 15, what is 2 + -2e3?
-2e1
In base 8, what is -231 - 650?
-1101
In base 10, what is 1916 - -502?
2418
In base 14, what is 747 + 1185?
18cc
In base 4, what is -10 - 3110121?
-3110131
In base 12, what is 71902 - 1?
71901
In base 16, what is -2 + -4e56?
-4e58
In base 8, what is 2 + 666241?
666243
In base 8, what is 22 + -13343?
-13321
In base 16, what is -80879 + 5?
-80874
In base 14, what is 1d00 + -14?
1cca
In base 16, what is 2 + -8dec?
-8dea
In base 13, what is -1 + -2a64c8?
-2a64c9
In base 3, what is -22 + 222022?
222000
In base 13, what is 45 + -cb?
-86
In base 2, what is -1 - -101100001000010?
101100001000001
In base 4, what is 1 - 332130131?
-332130130
In base 15, what is -5 + -28c9b?
-28ca1
In base 9, what is 6 - 8244?
-8237
In base 8, what is -47 + 16124?
16055
In base 11, what is -47351 - 2?
-47353
In base 5, what is 2020344 - 44?
2020300
In base 6, what is -15343 + -143?
-15530
In base 4, what is -10131201 - 12?
-10131213
In base 9, what is 15 + 605?
621
In base 4, what is -1113103 + 1?
-1113102
In base 10, what is 64862 - 15?
64847
In base 7, what is -116244 + -12?
-116256
In base 9, what is 128 - -15010?
15138
In base 12, what is 468 + -4608?
-4160
In base 7, what is -1026665 + 5?
-1026660
In base 11, what is 5a1 + 16?
607
In base 5, what is -1 + -34114112?
-34114113
In base 4, what is 1 - 1103010?
-1103003
In base 8, what is -103126 + -30?
-103156
In base 2, what is 1111010 - 11011110110?
-11001111100
In base 9, what is 17 + 2281?
2308
In base 10, what is 537 - 9802?
-9265
In base 10, what is 16230 - -2?
16232
In base 2, what is 1000111110111101011 + 11?
1000111110111101110
In base 6, what is -14 - -121351?
121333
In base 12, what is -121 + 732?
611
In base 14, what is -a5a26 + -1?
-a5a27
In base 10, what is 1578 + -12?
1566
In base 7, what is 11235 + -341?
10564
In base 9, what is 1235644 + 5?
1235650
In base 3, what is -1 + 20000100200?
20000100122
In base 6, what is 4123305 + 0?
4123305
In base 10, what is -40115 - 3?
-40118
In base 10, what is -4463 + 77?
-4386
In base 16, what is d0 - 54?
7c
In base 12, what is -940a - -5a?
-9370
In base 3, what is 1121221 + 20110?
1212101
In base 7, what is 31 - -1353352?
1353413
In base 8, what is -1 - -114476?
114475
In base 16, what is -4 - e513?
-e517
In base 9, what is 76471 - -2?
76473
In base 13, what is 463 - -118?
57b
In base 6, what is -2345051 - 3?
-2345054
In base 14, what is -5678b - 3?
-56790
In base 3, what is -12 - -10110012001?
10110011212
In base 2, what is -100010011111010 - 1101?
-100010100000111
In base 2, what is 1110011101110010 - -1?
1110011101110011
In base 15, what is 1c + -21a1?
-2184
In base 3, what is -11220021121 - -10?
-11220021111
In base 8, what is -21664357 - -5?
-21664352
In base 13, what is 291 + 6c?
330
In base 9, what is -1402 - 5?
-1407
In base 3, what is 22212 + -2001?
20211
In base 2, what is 1000111011011101010 - -100?
1000111011011101110
In base 16, what is 17d + -100?
7d
In base 8, what is 6140 + 6?
6146
In base 2, what is 10001110001 + -100001111?
1101100010
In base 6, what is 302 + 13034?
13340
In base 13, what is 2281 + -4?
227a
In base 14, what is 32a05 - -7?
32a0c
In base 10, what is -4 - -65105?
65101
In base 15, what is -4 + -2e6aa?
-2e6ae
In base 4, what is -3 - 131212100?
-131212103
In base 10, what is -1 - -11982?
11981
In base 16, what is -1 - -112e3?
112e2
In base 9, what is 50 + 2081?
2141
In base 12, what is 5 - 1a16a?
-1a165
In base 16, what is a + -ca1?
-c97
In base 5, what is 0 + -1001120?
-1001120
In base 14, what is c + -d6b08?
-d6ada
In base 16, what is 30e